{"id":14771,"date":"2022-08-26T18:32:52","date_gmt":"2022-08-26T16:32:52","guid":{"rendered":"https:\/\/www.acolprof.org\/?post_type=tribe_events&#038;p=14771"},"modified":"2022-08-26T18:53:28","modified_gmt":"2022-08-26T16:53:28","slug":"cifran","status":"publish","type":"tribe_events","link":"https:\/\/www.acolprof.org\/es_co\/evenement\/cifran","title":{"rendered":"Curso de formaci\u00f3n inicial en el Enfoque Neuroling\u00fc\u00edstico de la ense\u00f1anza de segundas lenguas\/lenguas extranjeras"},"content":{"rendered":"<p>Esta formaci\u00f3n tiene como objetivo proporcionar los fundamentos te\u00f3ricos y la experiencia pr\u00e1ctica de las estrategias de ense\u00f1anza esenciales que est\u00e1n en el coraz\u00f3n del Enfoque Neuroling\u00fc\u00edstico.<\/p>","protected":false},"excerpt":{"rendered":"<p>Esta formaci\u00f3n tiene como objetivo proporcionar los fundamentos te\u00f3ricos y la experiencia pr\u00e1ctica de las estrategias de ense\u00f1anza esenciales que est\u00e1n en el coraz\u00f3n del Enfoque Neuroling\u00fc\u00edstico.<\/p>","protected":false},"author":1,"featured_media":14544,"template":"","meta":{"_bbp_topic_count":0,"_bbp_reply_count":0,"_bbp_total_topic_count":0,"_bbp_total_reply_count":0,"_bbp_voice_count":0,"_bbp_anonymous_reply_count":0,"_bbp_topic_count_hidden":0,"_bbp_reply_count_hidden":0,"_bbp_forum_subforum_count":0,"_tribe_events_status":"","_tribe_events_status_reason":"","footnotes":""},"tags":[],"tribe_events_cat":[34],"class_list":["post-14771","tribe_events","type-tribe_events","status-publish","has-post-thumbnail","hentry","tribe_events_cat-evenements-acolprof","cat_evenements-acolprof"],"yoast_head":"<!-- This site is optimized with the Yoast SEO plugin v27.5 - https:\/\/yoast.com\/product\/yoast-seo-wordpress\/ -->\n<title>Stage de formation initiale \u00e0 l\u2019Approche Neurolinguistique de l\u2019enseignement des langues secondes\/\u00e9trang\u00e8res - Acolprof<\/title>\n<meta name=\"robots\" content=\"index, follow, max-snippet:-1, max-image-preview:large, max-video-preview:-1\" \/>\n<link rel=\"canonical\" href=\"https:\/\/www.acolprof.org\/es_co\/event\/cifran\/\" \/>\n<meta property=\"og:locale\" content=\"es_ES\" \/>\n<meta property=\"og:type\" content=\"article\" \/>\n<meta property=\"og:title\" content=\"Stage de formation initiale \u00e0 l\u2019Approche Neurolinguistique de l\u2019enseignement des langues secondes\/\u00e9trang\u00e8res - Acolprof\" \/>\n<meta property=\"og:description\" content=\"Cette formation vise \u00e0 faire acqu\u00e9rir les fondements th\u00e9oriques et l\u2019exp\u00e9rience pratique des strat\u00e9gies d\u2019enseignement indispensables qui sont au c\u0153ur de l\u2019Approche Neurolinguistique.\" \/>\n<meta property=\"og:url\" content=\"https:\/\/www.acolprof.org\/es_co\/event\/cifran\/\" \/>\n<meta property=\"og:site_name\" content=\"Acolprof\" \/>\n<meta property=\"article:publisher\" content=\"https:\/\/www.facebook.com\/ACOLPROF\/\" \/>\n<meta property=\"article:modified_time\" content=\"2022-08-26T16:53:28+00:00\" \/>\n<meta property=\"og:image\" content=\"https:\/\/www.acolprof.org\/wp-content\/uploads\/2022\/07\/CiFRAN-web-01.png\" \/>\n\t<meta property=\"og:image:width\" content=\"777\" \/>\n\t<meta property=\"og:image:height\" content=\"417\" \/>\n\t<meta property=\"og:image:type\" content=\"image\/png\" \/>\n<meta name=\"twitter:card\" content=\"summary_large_image\" \/>\n<meta name=\"twitter:site\" content=\"@acolprof\" \/>\n<meta name=\"twitter:label1\" content=\"Tiempo de lectura\" \/>\n\t<meta name=\"twitter:data1\" content=\"1 minuto\" \/>\n<script type=\"application\/ld+json\" class=\"yoast-schema-graph\">{\"@context\":\"https:\\\/\\\/schema.org\",\"@graph\":[{\"@type\":\"WebPage\",\"@id\":\"https:\\\/\\\/www.acolprof.org\\\/event\\\/cifran\",\"url\":\"https:\\\/\\\/www.acolprof.org\\\/event\\\/cifran\",\"name\":\"Stage de formation initiale \u00e0 l\u2019Approche Neurolinguistique de l\u2019enseignement des langues secondes\\\/\u00e9trang\u00e8res - Acolprof\",\"isPartOf\":{\"@id\":\"https:\\\/\\\/www.acolprof.org\\\/#website\"},\"primaryImageOfPage\":{\"@id\":\"https:\\\/\\\/www.acolprof.org\\\/event\\\/cifran#primaryimage\"},\"image\":{\"@id\":\"https:\\\/\\\/www.acolprof.org\\\/event\\\/cifran#primaryimage\"},\"thumbnailUrl\":\"https:\\\/\\\/www.acolprof.org\\\/wp-content\\\/uploads\\\/2022\\\/07\\\/CiFRAN-web-01.png\",\"datePublished\":\"2022-08-26T16:32:52+00:00\",\"dateModified\":\"2022-08-26T16:53:28+00:00\",\"breadcrumb\":{\"@id\":\"https:\\\/\\\/www.acolprof.org\\\/event\\\/cifran#breadcrumb\"},\"inLanguage\":\"es-CO\",\"potentialAction\":[{\"@type\":\"ReadAction\",\"target\":[\"https:\\\/\\\/www.acolprof.org\\\/event\\\/cifran\"]}]},{\"@type\":\"ImageObject\",\"inLanguage\":\"es-CO\",\"@id\":\"https:\\\/\\\/www.acolprof.org\\\/event\\\/cifran#primaryimage\",\"url\":\"https:\\\/\\\/www.acolprof.org\\\/wp-content\\\/uploads\\\/2022\\\/07\\\/CiFRAN-web-01.png\",\"contentUrl\":\"https:\\\/\\\/www.acolprof.org\\\/wp-content\\\/uploads\\\/2022\\\/07\\\/CiFRAN-web-01.png\",\"width\":777,\"height\":417,\"caption\":\"Cifran\"},{\"@type\":\"BreadcrumbList\",\"@id\":\"https:\\\/\\\/www.acolprof.org\\\/event\\\/cifran#breadcrumb\",\"itemListElement\":[{\"@type\":\"ListItem\",\"position\":1,\"name\":\"Accueil\",\"item\":\"https:\\\/\\\/www.acolprof.org\\\/\"},{\"@type\":\"ListItem\",\"position\":2,\"name\":\"\u00c9v\u00e8nements\",\"item\":\"https:\\\/\\\/www.acolprof.org\\\/events\\\/\"},{\"@type\":\"ListItem\",\"position\":3,\"name\":\"Stage de formation initiale \u00e0 l\u2019Approche Neurolinguistique de l\u2019enseignement des langues secondes\\\/\u00e9trang\u00e8res\"}]},{\"@type\":\"WebSite\",\"@id\":\"https:\\\/\\\/www.acolprof.org\\\/#website\",\"url\":\"https:\\\/\\\/www.acolprof.org\\\/\",\"name\":\"Acolprof\",\"description\":\"Association Colombienne de professeurs de fran\u00e7ais\",\"publisher\":{\"@id\":\"https:\\\/\\\/www.acolprof.org\\\/#organization\"},\"potentialAction\":[{\"@type\":\"SearchAction\",\"target\":{\"@type\":\"EntryPoint\",\"urlTemplate\":\"https:\\\/\\\/www.acolprof.org\\\/?s={search_term_string}\"},\"query-input\":{\"@type\":\"PropertyValueSpecification\",\"valueRequired\":true,\"valueName\":\"search_term_string\"}}],\"inLanguage\":\"es-CO\"},{\"@type\":\"Organization\",\"@id\":\"https:\\\/\\\/www.acolprof.org\\\/#organization\",\"name\":\"ACOLPROF\",\"url\":\"https:\\\/\\\/www.acolprof.org\\\/\",\"logo\":{\"@type\":\"ImageObject\",\"inLanguage\":\"es-CO\",\"@id\":\"https:\\\/\\\/www.acolprof.org\\\/#\\\/schema\\\/logo\\\/image\\\/\",\"url\":\"https:\\\/\\\/www.acolprof.org\\\/wp-content\\\/uploads\\\/2022\\\/01\\\/logo-Acolprof-site.png\",\"contentUrl\":\"https:\\\/\\\/www.acolprof.org\\\/wp-content\\\/uploads\\\/2022\\\/01\\\/logo-Acolprof-site.png\",\"width\":350,\"height\":90,\"caption\":\"ACOLPROF\"},\"image\":{\"@id\":\"https:\\\/\\\/www.acolprof.org\\\/#\\\/schema\\\/logo\\\/image\\\/\"},\"sameAs\":[\"https:\\\/\\\/www.facebook.com\\\/ACOLPROF\\\/\",\"https:\\\/\\\/x.com\\\/acolprof\"]}]}<\/script>\n<!-- \/ Yoast SEO plugin. -->","yoast_head_json":{"title":"Stage de formation initiale \u00e0 l\u2019Approche Neurolinguistique de l\u2019enseignement des langues secondes\/\u00e9trang\u00e8res - Acolprof","robots":{"index":"index","follow":"follow","max-snippet":"max-snippet:-1","max-image-preview":"max-image-preview:large","max-video-preview":"max-video-preview:-1"},"canonical":"https:\/\/www.acolprof.org\/es_co\/event\/cifran\/","og_locale":"es_ES","og_type":"article","og_title":"Stage de formation initiale \u00e0 l\u2019Approche Neurolinguistique de l\u2019enseignement des langues secondes\/\u00e9trang\u00e8res - Acolprof","og_description":"Cette formation vise \u00e0 faire acqu\u00e9rir les fondements th\u00e9oriques et l\u2019exp\u00e9rience pratique des strat\u00e9gies d\u2019enseignement indispensables qui sont au c\u0153ur de l\u2019Approche Neurolinguistique.","og_url":"https:\/\/www.acolprof.org\/es_co\/event\/cifran\/","og_site_name":"Acolprof","article_publisher":"https:\/\/www.facebook.com\/ACOLPROF\/","article_modified_time":"2022-08-26T16:53:28+00:00","og_image":[{"width":777,"height":417,"url":"https:\/\/www.acolprof.org\/wp-content\/uploads\/2022\/07\/CiFRAN-web-01.png","type":"image\/png"}],"twitter_card":"summary_large_image","twitter_site":"@acolprof","twitter_misc":{"Tiempo de lectura":"1 minuto"},"schema":{"@context":"https:\/\/schema.org","@graph":[{"@type":"WebPage","@id":"https:\/\/www.acolprof.org\/event\/cifran","url":"https:\/\/www.acolprof.org\/event\/cifran","name":"Stage de formation initiale \u00e0 l\u2019Approche Neurolinguistique de l\u2019enseignement des langues secondes\/\u00e9trang\u00e8res - Acolprof","isPartOf":{"@id":"https:\/\/www.acolprof.org\/#website"},"primaryImageOfPage":{"@id":"https:\/\/www.acolprof.org\/event\/cifran#primaryimage"},"image":{"@id":"https:\/\/www.acolprof.org\/event\/cifran#primaryimage"},"thumbnailUrl":"https:\/\/www.acolprof.org\/wp-content\/uploads\/2022\/07\/CiFRAN-web-01.png","datePublished":"2022-08-26T16:32:52+00:00","dateModified":"2022-08-26T16:53:28+00:00","breadcrumb":{"@id":"https:\/\/www.acolprof.org\/event\/cifran#breadcrumb"},"inLanguage":"es-CO","potentialAction":[{"@type":"ReadAction","target":["https:\/\/www.acolprof.org\/event\/cifran"]}]},{"@type":"ImageObject","inLanguage":"es-CO","@id":"https:\/\/www.acolprof.org\/event\/cifran#primaryimage","url":"https:\/\/www.acolprof.org\/wp-content\/uploads\/2022\/07\/CiFRAN-web-01.png","contentUrl":"https:\/\/www.acolprof.org\/wp-content\/uploads\/2022\/07\/CiFRAN-web-01.png","width":777,"height":417,"caption":"Cifran"},{"@type":"BreadcrumbList","@id":"https:\/\/www.acolprof.org\/event\/cifran#breadcrumb","itemListElement":[{"@type":"ListItem","position":1,"name":"Accueil","item":"https:\/\/www.acolprof.org\/"},{"@type":"ListItem","position":2,"name":"\u00c9v\u00e8nements","item":"https:\/\/www.acolprof.org\/events\/"},{"@type":"ListItem","position":3,"name":"Stage de formation initiale \u00e0 l\u2019Approche Neurolinguistique de l\u2019enseignement des langues secondes\/\u00e9trang\u00e8res"}]},{"@type":"WebSite","@id":"https:\/\/www.acolprof.org\/#website","url":"https:\/\/www.acolprof.org\/","name":"Acolprof","description":"Association Colombienne de professeurs de fran\u00e7ais","publisher":{"@id":"https:\/\/www.acolprof.org\/#organization"},"potentialAction":[{"@type":"SearchAction","target":{"@type":"EntryPoint","urlTemplate":"https:\/\/www.acolprof.org\/?s={search_term_string}"},"query-input":{"@type":"PropertyValueSpecification","valueRequired":true,"valueName":"search_term_string"}}],"inLanguage":"es-CO"},{"@type":"Organization","@id":"https:\/\/www.acolprof.org\/#organization","name":"ACOLPROF","url":"https:\/\/www.acolprof.org\/","logo":{"@type":"ImageObject","inLanguage":"es-CO","@id":"https:\/\/www.acolprof.org\/#\/schema\/logo\/image\/","url":"https:\/\/www.acolprof.org\/wp-content\/uploads\/2022\/01\/logo-Acolprof-site.png","contentUrl":"https:\/\/www.acolprof.org\/wp-content\/uploads\/2022\/01\/logo-Acolprof-site.png","width":350,"height":90,"caption":"ACOLPROF"},"image":{"@id":"https:\/\/www.acolprof.org\/#\/schema\/logo\/image\/"},"sameAs":["https:\/\/www.facebook.com\/ACOLPROF\/","https:\/\/x.com\/acolprof"]}]}},"_links":{"self":[{"href":"https:\/\/www.acolprof.org\/es_co\/wp-json\/wp\/v2\/tribe_events\/14771","targetHints":{"allow":["GET"]}}],"collection":[{"href":"https:\/\/www.acolprof.org\/es_co\/wp-json\/wp\/v2\/tribe_events"}],"about":[{"href":"https:\/\/www.acolprof.org\/es_co\/wp-json\/wp\/v2\/types\/tribe_events"}],"author":[{"embeddable":true,"href":"https:\/\/www.acolprof.org\/es_co\/wp-json\/wp\/v2\/users\/1"}],"version-history":[{"count":0,"href":"https:\/\/www.acolprof.org\/es_co\/wp-json\/wp\/v2\/tribe_events\/14771\/revisions"}],"wp:featuredmedia":[{"embeddable":true,"href":"https:\/\/www.acolprof.org\/es_co\/wp-json\/wp\/v2\/media\/14544"}],"wp:attachment":[{"href":"https:\/\/www.acolprof.org\/es_co\/wp-json\/wp\/v2\/media?parent=14771"}],"wp:term":[{"taxonomy":"post_tag","embeddable":true,"href":"https:\/\/www.acolprof.org\/es_co\/wp-json\/wp\/v2\/tags?post=14771"},{"taxonomy":"tribe_events_cat","embeddable":true,"href":"https:\/\/www.acolprof.org\/es_co\/wp-json\/wp\/v2\/tribe_events_cat?post=14771"}],"curies":[{"name":"wp","href":"https:\/\/api.w.org\/{rel}","templated":true}]}}

Curso de formación inicial en el Enfoque Neurolingüístico de la enseñanza de segundas lenguas/lenguas extranjeras

<p>Esta formación tiene como objetivo proporcionar los fundamentos teóricos y la experiencia práctica de las estrategias de enseñanza esenciales que están en el corazón del Enfoque Neurolingüístico.</p>

<!-- This site is optimized with the Yoast SEO plugin v27.5 - https://yoast.com/product/yoast-seo-wordpress/ -->
<title>Stage de formation initiale à l’Approche Neurolinguistique de l’enseignement des langues secondes/étrangères - Acolprof</title>
<meta name="robots" content="index, follow, max-snippet:-1, max-image-preview:large, max-video-preview:-1" />
<link rel="canonical" href="https://www.acolprof.org/es_co/event/cifran/" />
<meta property="og:locale" content="es_ES" />
<meta property="og:type" content="article" />
<meta property="og:title" content="Stage de formation initiale à l’Approche Neurolinguistique de l’enseignement des langues secondes/étrangères - Acolprof" />
<meta property="og:description" content="Cette formation vise à faire acquérir les fondements théoriques et l’expérience pratique des stratégies d’enseignement indispensables qui sont au cœur de l’Approche Neurolinguistique." />
<meta property="og:url" content="https://www.acolprof.org/es_co/event/cifran/" />
<meta property="og:site_name" content="Acolprof" />
<meta property="article:publisher" content="https://www.facebook.com/ACOLPROF/" />
<meta property="article:modified_time" content="2022-08-26T16:53:28+00:00" />
<meta property="og:image" content="https://www.acolprof.org/wp-content/uploads/2022/07/CiFRAN-web-01.png" />
	<meta property="og:image:width" content="777" />
	<meta property="og:image:height" content="417" />
	<meta property="og:image:type" content="image/png" />
<meta name="twitter:card" content="summary_large_image" />
<meta name="twitter:site" content="@acolprof" />
<meta name="twitter:label1" content="Tiempo de lectura" />
	<meta name="twitter:data1" content="1 minuto" />
<script type="application/ld+json" class="yoast-schema-graph">{"@context":"https:\/\/schema.org","@graph":[{"@type":"WebPage","@id":"https:\/\/www.acolprof.org\/event\/cifran","url":"https:\/\/www.acolprof.org\/event\/cifran","name":"Stage de formation initiale à l’Approche Neurolinguistique de l’enseignement des langues secondes\/étrangères - Acolprof","isPartOf":{"@id":"https:\/\/www.acolprof.org\/#website"},"primaryImageOfPage":{"@id":"https:\/\/www.acolprof.org\/event\/cifran#primaryimage"},"image":{"@id":"https:\/\/www.acolprof.org\/event\/cifran#primaryimage"},"thumbnailUrl":"https:\/\/www.acolprof.org\/wp-content\/uploads\/2022\/07\/CiFRAN-web-01.png","datePublished":"2022-08-26T16:32:52+00:00","dateModified":"2022-08-26T16:53:28+00:00","breadcrumb":{"@id":"https:\/\/www.acolprof.org\/event\/cifran#breadcrumb"},"inLanguage":"es-CO","potentialAction":[{"@type":"ReadAction","target":["https:\/\/www.acolprof.org\/event\/cifran"]}]},{"@type":"ImageObject","inLanguage":"es-CO","@id":"https:\/\/www.acolprof.org\/event\/cifran#primaryimage","url":"https:\/\/www.acolprof.org\/wp-content\/uploads\/2022\/07\/CiFRAN-web-01.png","contentUrl":"https:\/\/www.acolprof.org\/wp-content\/uploads\/2022\/07\/CiFRAN-web-01.png","width":777,"height":417,"caption":"Cifran"},{"@type":"BreadcrumbList","@id":"https:\/\/www.acolprof.org\/event\/cifran#breadcrumb","itemListElement":[{"@type":"ListItem","position":1,"name":"Accueil","item":"https:\/\/www.acolprof.org\/"},{"@type":"ListItem","position":2,"name":"Évènements","item":"https:\/\/www.acolprof.org\/events\/"},{"@type":"ListItem","position":3,"name":"Stage de formation initiale à l’Approche Neurolinguistique de l’enseignement des langues secondes\/étrangères"}]},{"@type":"WebSite","@id":"https:\/\/www.acolprof.org\/#website","url":"https:\/\/www.acolprof.org\/","name":"Acolprof","description":"Association Colombienne de professeurs de français","publisher":{"@id":"https:\/\/www.acolprof.org\/#organization"},"potentialAction":[{"@type":"SearchAction","target":{"@type":"EntryPoint","urlTemplate":"https:\/\/www.acolprof.org\/?s={search_term_string}"},"query-input":{"@type":"PropertyValueSpecification","valueRequired":true,"valueName":"search_term_string"}}],"inLanguage":"es-CO"},{"@type":"Organization","@id":"https:\/\/www.acolprof.org\/#organization","name":"ACOLPROF","url":"https:\/\/www.acolprof.org\/","logo":{"@type":"ImageObject","inLanguage":"es-CO","@id":"https:\/\/www.acolprof.org\/#\/schema\/logo\/image\/","url":"https:\/\/www.acolprof.org\/wp-content\/uploads\/2022\/01\/logo-Acolprof-site.png","contentUrl":"https:\/\/www.acolprof.org\/wp-content\/uploads\/2022\/01\/logo-Acolprof-site.png","width":350,"height":90,"caption":"ACOLPROF"},"image":{"@id":"https:\/\/www.acolprof.org\/#\/schema\/logo\/image\/"},"sameAs":["https:\/\/www.facebook.com\/ACOLPROF\/","https:\/\/x.com\/acolprof"]}]}</script>
<!-- / Yoast SEO plugin. -->

Stage de formation initiale à l’Approche Neurolinguistique de l’enseignement des langues secondes/étrangères - Acolprof

Cette formation vise à faire acquérir les fondements théoriques et l’expérience pratique des stratégies d’enseignement indispensables qui sont au cœur de l’Approche Neurolinguistique.

Évènements

Stage de formation initiale à l’Approche Neurolinguistique de l’enseignement des langues secondes/étrangères

Association Colombienne de professeurs de français
