{"id":14692,"date":"2022-08-22T17:59:45","date_gmt":"2022-08-22T15:59:45","guid":{"rendered":"https:\/\/www.acolprof.org\/?post_type=tribe_events&#038;p=14692"},"modified":"2022-08-26T18:43:37","modified_gmt":"2022-08-26T16:43:37","slug":"colloque-en-enseignements-du-fle","status":"publish","type":"tribe_events","link":"https:\/\/www.acolprof.org\/es_co\/evenement\/colloque-en-enseignements-du-fle","title":{"rendered":"Coloquio sobre lecciones FLE"},"content":{"rendered":"<p>L\u2019Universit\u00e9 p\u00e9dagogique nationale et le D\u00e9partement des langues ont le plaisir de vous inviter \u00e0 participer au Colloque sur l\u2019enseignement du fran\u00e7ais langue \u00e9trang\u00e8re, qui aura lieu en septembre de cette ann\u00e9e et est gratuit.<\/p>\n<p>ANL1 \u2013 Curso de formaci\u00f3n inicial en el Enfoque Neuroling\u00fc\u00edstico de la ense\u00f1anza de segundas lenguas\/lenguas extranjeras<\/p>","protected":false},"excerpt":{"rendered":"<p>L\u2019Universit\u00e9 p\u00e9dagogique nationale et le D\u00e9partement des langues ont le plaisir de vous inviter \u00e0 participer au Colloque sur l\u2019enseignement du fran\u00e7ais langue \u00e9trang\u00e8re, qui aura lieu en septembre de cette ann\u00e9e et est gratuit. ANL1 \u2013 Stage de formation initiale \u00e0 l\u2019Approche Neurolinguistique de l\u2019enseignement des langues secondes\/\u00e9trang\u00e8res<\/p>","protected":false},"author":1,"featured_media":14526,"template":"","meta":{"_bbp_topic_count":0,"_bbp_reply_count":0,"_bbp_total_topic_count":0,"_bbp_total_reply_count":0,"_bbp_voice_count":0,"_bbp_anonymous_reply_count":0,"_bbp_topic_count_hidden":0,"_bbp_reply_count_hidden":0,"_bbp_forum_subforum_count":0,"_tribe_events_status":"","_tribe_events_status_reason":"","footnotes":""},"tags":[],"tribe_events_cat":[34],"class_list":["post-14692","tribe_events","type-tribe_events","status-publish","has-post-thumbnail","hentry","tribe_events_cat-evenements-acolprof","cat_evenements-acolprof"],"yoast_head":"<!-- This site is optimized with the Yoast SEO plugin v27.5 - https:\/\/yoast.com\/product\/yoast-seo-wordpress\/ -->\n<title>Colloque en enseignements du FLE - Acolprof<\/title>\n<meta name=\"robots\" content=\"index, follow, max-snippet:-1, max-image-preview:large, max-video-preview:-1\" \/>\n<link rel=\"canonical\" href=\"https:\/\/www.acolprof.org\/es_co\/event\/colloque-en-enseignements-du-fle\/\" \/>\n<meta property=\"og:locale\" content=\"es_ES\" \/>\n<meta property=\"og:type\" content=\"article\" \/>\n<meta property=\"og:title\" content=\"Colloque en enseignements du FLE - Acolprof\" \/>\n<meta property=\"og:description\" content=\"L\u2019Universit\u00e9 p\u00e9dagogique nationale et le D\u00e9partement des langues ont le plaisir de vous inviter \u00e0 participer au Colloque sur l\u2019enseignement du fran\u00e7ais langue \u00e9trang\u00e8re, qui aura lieu en septembre de cette ann\u00e9e et est gratuit. ANL1 \u2013 Stage de formation initiale \u00e0 l\u2019Approche Neurolinguistique de l\u2019enseignement des langues secondes\/\u00e9trang\u00e8res\" \/>\n<meta property=\"og:url\" content=\"https:\/\/www.acolprof.org\/es_co\/event\/colloque-en-enseignements-du-fle\/\" \/>\n<meta property=\"og:site_name\" content=\"Acolprof\" \/>\n<meta property=\"article:publisher\" content=\"https:\/\/www.facebook.com\/ACOLPROF\/\" \/>\n<meta property=\"article:modified_time\" content=\"2022-08-26T16:43:37+00:00\" \/>\n<meta property=\"og:image\" content=\"https:\/\/www.acolprof.org\/wp-content\/uploads\/2022\/07\/Colloque-Septembre.jpg\" \/>\n\t<meta property=\"og:image:width\" content=\"691\" \/>\n\t<meta property=\"og:image:height\" content=\"800\" \/>\n\t<meta property=\"og:image:type\" content=\"image\/jpeg\" \/>\n<meta name=\"twitter:card\" content=\"summary_large_image\" \/>\n<meta name=\"twitter:site\" content=\"@acolprof\" \/>\n<meta name=\"twitter:label1\" content=\"Tiempo de lectura\" \/>\n\t<meta name=\"twitter:data1\" content=\"1 minuto\" \/>\n<script type=\"application\/ld+json\" class=\"yoast-schema-graph\">{\"@context\":\"https:\\\/\\\/schema.org\",\"@graph\":[{\"@type\":\"WebPage\",\"@id\":\"https:\\\/\\\/www.acolprof.org\\\/event\\\/colloque-en-enseignements-du-fle\",\"url\":\"https:\\\/\\\/www.acolprof.org\\\/event\\\/colloque-en-enseignements-du-fle\",\"name\":\"Colloque en enseignements du FLE - Acolprof\",\"isPartOf\":{\"@id\":\"https:\\\/\\\/www.acolprof.org\\\/#website\"},\"primaryImageOfPage\":{\"@id\":\"https:\\\/\\\/www.acolprof.org\\\/event\\\/colloque-en-enseignements-du-fle#primaryimage\"},\"image\":{\"@id\":\"https:\\\/\\\/www.acolprof.org\\\/event\\\/colloque-en-enseignements-du-fle#primaryimage\"},\"thumbnailUrl\":\"https:\\\/\\\/www.acolprof.org\\\/wp-content\\\/uploads\\\/2022\\\/07\\\/Colloque-Septembre.jpg\",\"datePublished\":\"2022-08-22T15:59:45+00:00\",\"dateModified\":\"2022-08-26T16:43:37+00:00\",\"breadcrumb\":{\"@id\":\"https:\\\/\\\/www.acolprof.org\\\/event\\\/colloque-en-enseignements-du-fle#breadcrumb\"},\"inLanguage\":\"es-CO\",\"potentialAction\":[{\"@type\":\"ReadAction\",\"target\":[\"https:\\\/\\\/www.acolprof.org\\\/event\\\/colloque-en-enseignements-du-fle\"]}]},{\"@type\":\"ImageObject\",\"inLanguage\":\"es-CO\",\"@id\":\"https:\\\/\\\/www.acolprof.org\\\/event\\\/colloque-en-enseignements-du-fle#primaryimage\",\"url\":\"https:\\\/\\\/www.acolprof.org\\\/wp-content\\\/uploads\\\/2022\\\/07\\\/Colloque-Septembre.jpg\",\"contentUrl\":\"https:\\\/\\\/www.acolprof.org\\\/wp-content\\\/uploads\\\/2022\\\/07\\\/Colloque-Septembre.jpg\",\"width\":691,\"height\":800,\"caption\":\"Enseignement du FLE\"},{\"@type\":\"BreadcrumbList\",\"@id\":\"https:\\\/\\\/www.acolprof.org\\\/event\\\/colloque-en-enseignements-du-fle#breadcrumb\",\"itemListElement\":[{\"@type\":\"ListItem\",\"position\":1,\"name\":\"Accueil\",\"item\":\"https:\\\/\\\/www.acolprof.org\\\/\"},{\"@type\":\"ListItem\",\"position\":2,\"name\":\"\u00c9v\u00e8nements\",\"item\":\"https:\\\/\\\/www.acolprof.org\\\/events\\\/\"},{\"@type\":\"ListItem\",\"position\":3,\"name\":\"Colloque en enseignements du FLE\"}]},{\"@type\":\"WebSite\",\"@id\":\"https:\\\/\\\/www.acolprof.org\\\/#website\",\"url\":\"https:\\\/\\\/www.acolprof.org\\\/\",\"name\":\"Acolprof\",\"description\":\"Association Colombienne de professeurs de fran\u00e7ais\",\"publisher\":{\"@id\":\"https:\\\/\\\/www.acolprof.org\\\/#organization\"},\"potentialAction\":[{\"@type\":\"SearchAction\",\"target\":{\"@type\":\"EntryPoint\",\"urlTemplate\":\"https:\\\/\\\/www.acolprof.org\\\/?s={search_term_string}\"},\"query-input\":{\"@type\":\"PropertyValueSpecification\",\"valueRequired\":true,\"valueName\":\"search_term_string\"}}],\"inLanguage\":\"es-CO\"},{\"@type\":\"Organization\",\"@id\":\"https:\\\/\\\/www.acolprof.org\\\/#organization\",\"name\":\"ACOLPROF\",\"url\":\"https:\\\/\\\/www.acolprof.org\\\/\",\"logo\":{\"@type\":\"ImageObject\",\"inLanguage\":\"es-CO\",\"@id\":\"https:\\\/\\\/www.acolprof.org\\\/#\\\/schema\\\/logo\\\/image\\\/\",\"url\":\"https:\\\/\\\/www.acolprof.org\\\/wp-content\\\/uploads\\\/2022\\\/01\\\/logo-Acolprof-site.png\",\"contentUrl\":\"https:\\\/\\\/www.acolprof.org\\\/wp-content\\\/uploads\\\/2022\\\/01\\\/logo-Acolprof-site.png\",\"width\":350,\"height\":90,\"caption\":\"ACOLPROF\"},\"image\":{\"@id\":\"https:\\\/\\\/www.acolprof.org\\\/#\\\/schema\\\/logo\\\/image\\\/\"},\"sameAs\":[\"https:\\\/\\\/www.facebook.com\\\/ACOLPROF\\\/\",\"https:\\\/\\\/x.com\\\/acolprof\"]}]}<\/script>\n<!-- \/ Yoast SEO plugin. -->","yoast_head_json":{"title":"Colloque en enseignements du FLE - Acolprof","robots":{"index":"index","follow":"follow","max-snippet":"max-snippet:-1","max-image-preview":"max-image-preview:large","max-video-preview":"max-video-preview:-1"},"canonical":"https:\/\/www.acolprof.org\/es_co\/event\/colloque-en-enseignements-du-fle\/","og_locale":"es_ES","og_type":"article","og_title":"Colloque en enseignements du FLE - Acolprof","og_description":"L\u2019Universit\u00e9 p\u00e9dagogique nationale et le D\u00e9partement des langues ont le plaisir de vous inviter \u00e0 participer au Colloque sur l\u2019enseignement du fran\u00e7ais langue \u00e9trang\u00e8re, qui aura lieu en septembre de cette ann\u00e9e et est gratuit. ANL1 \u2013 Stage de formation initiale \u00e0 l\u2019Approche Neurolinguistique de l\u2019enseignement des langues secondes\/\u00e9trang\u00e8res","og_url":"https:\/\/www.acolprof.org\/es_co\/event\/colloque-en-enseignements-du-fle\/","og_site_name":"Acolprof","article_publisher":"https:\/\/www.facebook.com\/ACOLPROF\/","article_modified_time":"2022-08-26T16:43:37+00:00","og_image":[{"width":691,"height":800,"url":"https:\/\/www.acolprof.org\/wp-content\/uploads\/2022\/07\/Colloque-Septembre.jpg","type":"image\/jpeg"}],"twitter_card":"summary_large_image","twitter_site":"@acolprof","twitter_misc":{"Tiempo de lectura":"1 minuto"},"schema":{"@context":"https:\/\/schema.org","@graph":[{"@type":"WebPage","@id":"https:\/\/www.acolprof.org\/event\/colloque-en-enseignements-du-fle","url":"https:\/\/www.acolprof.org\/event\/colloque-en-enseignements-du-fle","name":"Colloque en enseignements du FLE - Acolprof","isPartOf":{"@id":"https:\/\/www.acolprof.org\/#website"},"primaryImageOfPage":{"@id":"https:\/\/www.acolprof.org\/event\/colloque-en-enseignements-du-fle#primaryimage"},"image":{"@id":"https:\/\/www.acolprof.org\/event\/colloque-en-enseignements-du-fle#primaryimage"},"thumbnailUrl":"https:\/\/www.acolprof.org\/wp-content\/uploads\/2022\/07\/Colloque-Septembre.jpg","datePublished":"2022-08-22T15:59:45+00:00","dateModified":"2022-08-26T16:43:37+00:00","breadcrumb":{"@id":"https:\/\/www.acolprof.org\/event\/colloque-en-enseignements-du-fle#breadcrumb"},"inLanguage":"es-CO","potentialAction":[{"@type":"ReadAction","target":["https:\/\/www.acolprof.org\/event\/colloque-en-enseignements-du-fle"]}]},{"@type":"ImageObject","inLanguage":"es-CO","@id":"https:\/\/www.acolprof.org\/event\/colloque-en-enseignements-du-fle#primaryimage","url":"https:\/\/www.acolprof.org\/wp-content\/uploads\/2022\/07\/Colloque-Septembre.jpg","contentUrl":"https:\/\/www.acolprof.org\/wp-content\/uploads\/2022\/07\/Colloque-Septembre.jpg","width":691,"height":800,"caption":"Enseignement du FLE"},{"@type":"BreadcrumbList","@id":"https:\/\/www.acolprof.org\/event\/colloque-en-enseignements-du-fle#breadcrumb","itemListElement":[{"@type":"ListItem","position":1,"name":"Accueil","item":"https:\/\/www.acolprof.org\/"},{"@type":"ListItem","position":2,"name":"\u00c9v\u00e8nements","item":"https:\/\/www.acolprof.org\/events\/"},{"@type":"ListItem","position":3,"name":"Colloque en enseignements du FLE"}]},{"@type":"WebSite","@id":"https:\/\/www.acolprof.org\/#website","url":"https:\/\/www.acolprof.org\/","name":"Acolprof","description":"Association Colombienne de professeurs de fran\u00e7ais","publisher":{"@id":"https:\/\/www.acolprof.org\/#organization"},"potentialAction":[{"@type":"SearchAction","target":{"@type":"EntryPoint","urlTemplate":"https:\/\/www.acolprof.org\/?s={search_term_string}"},"query-input":{"@type":"PropertyValueSpecification","valueRequired":true,"valueName":"search_term_string"}}],"inLanguage":"es-CO"},{"@type":"Organization","@id":"https:\/\/www.acolprof.org\/#organization","name":"ACOLPROF","url":"https:\/\/www.acolprof.org\/","logo":{"@type":"ImageObject","inLanguage":"es-CO","@id":"https:\/\/www.acolprof.org\/#\/schema\/logo\/image\/","url":"https:\/\/www.acolprof.org\/wp-content\/uploads\/2022\/01\/logo-Acolprof-site.png","contentUrl":"https:\/\/www.acolprof.org\/wp-content\/uploads\/2022\/01\/logo-Acolprof-site.png","width":350,"height":90,"caption":"ACOLPROF"},"image":{"@id":"https:\/\/www.acolprof.org\/#\/schema\/logo\/image\/"},"sameAs":["https:\/\/www.facebook.com\/ACOLPROF\/","https:\/\/x.com\/acolprof"]}]}},"_links":{"self":[{"href":"https:\/\/www.acolprof.org\/es_co\/wp-json\/wp\/v2\/tribe_events\/14692","targetHints":{"allow":["GET"]}}],"collection":[{"href":"https:\/\/www.acolprof.org\/es_co\/wp-json\/wp\/v2\/tribe_events"}],"about":[{"href":"https:\/\/www.acolprof.org\/es_co\/wp-json\/wp\/v2\/types\/tribe_events"}],"author":[{"embeddable":true,"href":"https:\/\/www.acolprof.org\/es_co\/wp-json\/wp\/v2\/users\/1"}],"version-history":[{"count":0,"href":"https:\/\/www.acolprof.org\/es_co\/wp-json\/wp\/v2\/tribe_events\/14692\/revisions"}],"wp:featuredmedia":[{"embeddable":true,"href":"https:\/\/www.acolprof.org\/es_co\/wp-json\/wp\/v2\/media\/14526"}],"wp:attachment":[{"href":"https:\/\/www.acolprof.org\/es_co\/wp-json\/wp\/v2\/media?parent=14692"}],"wp:term":[{"taxonomy":"post_tag","embeddable":true,"href":"https:\/\/www.acolprof.org\/es_co\/wp-json\/wp\/v2\/tags?post=14692"},{"taxonomy":"tribe_events_cat","embeddable":true,"href":"https:\/\/www.acolprof.org\/es_co\/wp-json\/wp\/v2\/tribe_events_cat?post=14692"}],"curies":[{"name":"wp","href":"https:\/\/api.w.org\/{rel}","templated":true}]}}

<p>L’Université pédagogique nationale et le Département des langues ont le plaisir de vous inviter à participer au Colloque sur l’enseignement du français langue étrangère, qui aura lieu en septembre de cette année et est gratuit.</p>
<p>ANL1 – Curso de formación inicial en el Enfoque Neurolingüístico de la enseñanza de segundas lenguas/lenguas extranjeras</p>

<p>L’Université pédagogique nationale et le Département des langues ont le plaisir de vous inviter à participer au Colloque sur l’enseignement du français langue étrangère, qui aura lieu en septembre de cette année et est gratuit. ANL1 – Stage de formation initiale à l’Approche Neurolinguistique de l’enseignement des langues secondes/étrangères</p>

<!-- This site is optimized with the Yoast SEO plugin v27.5 - https://yoast.com/product/yoast-seo-wordpress/ -->
<title>Colloque en enseignements du FLE - Acolprof</title>
<meta name="robots" content="index, follow, max-snippet:-1, max-image-preview:large, max-video-preview:-1" />
<link rel="canonical" href="https://www.acolprof.org/es_co/event/colloque-en-enseignements-du-fle/" />
<meta property="og:locale" content="es_ES" />
<meta property="og:type" content="article" />
<meta property="og:title" content="Colloque en enseignements du FLE - Acolprof" />
<meta property="og:description" content="L’Université pédagogique nationale et le Département des langues ont le plaisir de vous inviter à participer au Colloque sur l’enseignement du français langue étrangère, qui aura lieu en septembre de cette année et est gratuit. ANL1 – Stage de formation initiale à l’Approche Neurolinguistique de l’enseignement des langues secondes/étrangères" />
<meta property="og:url" content="https://www.acolprof.org/es_co/event/colloque-en-enseignements-du-fle/" />
<meta property="og:site_name" content="Acolprof" />
<meta property="article:publisher" content="https://www.facebook.com/ACOLPROF/" />
<meta property="article:modified_time" content="2022-08-26T16:43:37+00:00" />
<meta property="og:image" content="https://www.acolprof.org/wp-content/uploads/2022/07/Colloque-Septembre.jpg" />
	<meta property="og:image:width" content="691" />
	<meta property="og:image:height" content="800" />
	<meta property="og:image:type" content="image/jpeg" />
<meta name="twitter:card" content="summary_large_image" />
<meta name="twitter:site" content="@acolprof" />
<meta name="twitter:label1" content="Tiempo de lectura" />
	<meta name="twitter:data1" content="1 minuto" />
<script type="application/ld+json" class="yoast-schema-graph">{"@context":"https:\/\/schema.org","@graph":[{"@type":"WebPage","@id":"https:\/\/www.acolprof.org\/event\/colloque-en-enseignements-du-fle","url":"https:\/\/www.acolprof.org\/event\/colloque-en-enseignements-du-fle","name":"Colloque en enseignements du FLE - Acolprof","isPartOf":{"@id":"https:\/\/www.acolprof.org\/#website"},"primaryImageOfPage":{"@id":"https:\/\/www.acolprof.org\/event\/colloque-en-enseignements-du-fle#primaryimage"},"image":{"@id":"https:\/\/www.acolprof.org\/event\/colloque-en-enseignements-du-fle#primaryimage"},"thumbnailUrl":"https:\/\/www.acolprof.org\/wp-content\/uploads\/2022\/07\/Colloque-Septembre.jpg","datePublished":"2022-08-22T15:59:45+00:00","dateModified":"2022-08-26T16:43:37+00:00","breadcrumb":{"@id":"https:\/\/www.acolprof.org\/event\/colloque-en-enseignements-du-fle#breadcrumb"},"inLanguage":"es-CO","potentialAction":[{"@type":"ReadAction","target":["https:\/\/www.acolprof.org\/event\/colloque-en-enseignements-du-fle"]}]},{"@type":"ImageObject","inLanguage":"es-CO","@id":"https:\/\/www.acolprof.org\/event\/colloque-en-enseignements-du-fle#primaryimage","url":"https:\/\/www.acolprof.org\/wp-content\/uploads\/2022\/07\/Colloque-Septembre.jpg","contentUrl":"https:\/\/www.acolprof.org\/wp-content\/uploads\/2022\/07\/Colloque-Septembre.jpg","width":691,"height":800,"caption":"Enseignement du FLE"},{"@type":"BreadcrumbList","@id":"https:\/\/www.acolprof.org\/event\/colloque-en-enseignements-du-fle#breadcrumb","itemListElement":[{"@type":"ListItem","position":1,"name":"Accueil","item":"https:\/\/www.acolprof.org\/"},{"@type":"ListItem","position":2,"name":"Évènements","item":"https:\/\/www.acolprof.org\/events\/"},{"@type":"ListItem","position":3,"name":"Colloque en enseignements du FLE"}]},{"@type":"WebSite","@id":"https:\/\/www.acolprof.org\/#website","url":"https:\/\/www.acolprof.org\/","name":"Acolprof","description":"Association Colombienne de professeurs de français","publisher":{"@id":"https:\/\/www.acolprof.org\/#organization"},"potentialAction":[{"@type":"SearchAction","target":{"@type":"EntryPoint","urlTemplate":"https:\/\/www.acolprof.org\/?s={search_term_string}"},"query-input":{"@type":"PropertyValueSpecification","valueRequired":true,"valueName":"search_term_string"}}],"inLanguage":"es-CO"},{"@type":"Organization","@id":"https:\/\/www.acolprof.org\/#organization","name":"ACOLPROF","url":"https:\/\/www.acolprof.org\/","logo":{"@type":"ImageObject","inLanguage":"es-CO","@id":"https:\/\/www.acolprof.org\/#\/schema\/logo\/image\/","url":"https:\/\/www.acolprof.org\/wp-content\/uploads\/2022\/01\/logo-Acolprof-site.png","contentUrl":"https:\/\/www.acolprof.org\/wp-content\/uploads\/2022\/01\/logo-Acolprof-site.png","width":350,"height":90,"caption":"ACOLPROF"},"image":{"@id":"https:\/\/www.acolprof.org\/#\/schema\/logo\/image\/"},"sameAs":["https:\/\/www.facebook.com\/ACOLPROF\/","https:\/\/x.com\/acolprof"]}]}</script>
<!-- / Yoast SEO plugin. -->

L’Université pédagogique nationale et le Département des langues ont le plaisir de vous inviter à participer au Colloque sur l’enseignement du français langue étrangère, qui aura lieu en septembre de cette année et est gratuit. ANL1 – Stage de formation initiale à l’Approche Neurolinguistique de l’enseignement des langues secondes/étrangères

Évènements

Association Colombienne de professeurs de français
