{"version":"1.0","provider_name":"Acolprof","provider_url":"https:\/\/www.acolprof.org\/es_co","title":"Colloque en enseignements du FLE - Acolprof","type":"rich","width":600,"height":338,"html":"<blockquote class=\"wp-embedded-content\" data-secret=\"h00G3gupbN\"><a href=\"https:\/\/www.acolprof.org\/es_co\/evenement\/colloque-en-enseignements-du-fle\">Coloquio sobre lecciones FLE<\/a><\/blockquote><iframe sandbox=\"allow-scripts\" security=\"restricted\" src=\"https:\/\/www.acolprof.org\/es_co\/evenement\/colloque-en-enseignements-du-fle\/embed#?secret=h00G3gupbN\" width=\"600\" height=\"338\" title=\"&#8220;Colloque en enseignements du FLE&#8221; &#8212; Acolprof\" data-secret=\"h00G3gupbN\" frameborder=\"0\" marginwidth=\"0\" marginheight=\"0\" scrolling=\"no\" class=\"wp-embedded-content\"><\/iframe><script type=\"text\/javascript\">\n\/* <![CDATA[ *\/\n\/*! This file is auto-generated *\/\n!function(d,l){\"use strict\";l.querySelector&&d.addEventListener&&\"undefined\"!=typeof URL&&(d.wp=d.wp||{},d.wp.receiveEmbedMessage||(d.wp.receiveEmbedMessage=function(e){var t=e.data;if((t||t.secret||t.message||t.value)&&!\/[^a-zA-Z0-9]\/.test(t.secret)){for(var s,r,n,a=l.querySelectorAll('iframe[data-secret=\"'+t.secret+'\"]'),o=l.querySelectorAll('blockquote[data-secret=\"'+t.secret+'\"]'),c=new RegExp(\"^https?:$\",\"i\"),i=0;i<o.length;i++)o[i].style.display=\"none\";for(i=0;i<a.length;i++)s=a[i],e.source===s.contentWindow&&(s.removeAttribute(\"style\"),\"height\"===t.message?(1e3<(r=parseInt(t.value,10))?r=1e3:~~r<200&&(r=200),s.height=r):\"link\"===t.message&&(r=new URL(s.getAttribute(\"src\")),n=new URL(t.value),c.test(n.protocol))&&n.host===r.host&&l.activeElement===s&&(d.top.location.href=t.value))}},d.addEventListener(\"message\",d.wp.receiveEmbedMessage,!1),l.addEventListener(\"DOMContentLoaded\",function(){for(var e,t,s=l.querySelectorAll(\"iframe.wp-embedded-content\"),r=0;r<s.length;r++)(t=(e=s[r]).getAttribute(\"data-secret\"))||(t=Math.random().toString(36).substring(2,12),e.src+=\"#?secret=\"+t,e.setAttribute(\"data-secret\",t)),e.contentWindow.postMessage({message:\"ready\",secret:t},\"*\")},!1)))}(window,document);\n\/\/# sourceURL=https:\/\/www.acolprof.org\/wp-includes\/js\/wp-embed.min.js\n\/* ]]> *\/\n<\/script>","thumbnail_url":"https:\/\/www.acolprof.org\/wp-content\/uploads\/2022\/07\/Colloque-Septembre.jpg","thumbnail_width":691,"thumbnail_height":800,"description":"L\u2019Universit\u00e9 p\u00e9dagogique nationale et le D\u00e9partement des langues ont le plaisir de vous inviter \u00e0 participer au Colloque sur l\u2019enseignement du fran\u00e7ais langue \u00e9trang\u00e8re, qui aura lieu en septembre de cette ann\u00e9e et est gratuit. ANL1 \u2013 Stage de formation initiale \u00e0 l\u2019Approche Neurolinguistique de l\u2019enseignement des langues secondes\/\u00e9trang\u00e8res"}

L’Université pédagogique nationale et le Département des langues ont le plaisir de vous inviter à participer au Colloque sur l’enseignement du français langue étrangère, qui aura lieu en septembre de cette année et est gratuit. ANL1 – Stage de formation initiale à l’Approche Neurolinguistique de l’enseignement des langues secondes/étrangères
